{"id":140,"date":"2016-08-27T22:15:40","date_gmt":"2016-08-27T22:15:40","guid":{"rendered":"http:\/\/kikikleindesign.de\/?page_id=140"},"modified":"2025-10-18T14:58:22","modified_gmt":"2025-10-18T14:58:22","slug":"kiki-klein-design","status":"publish","type":"page","link":"http:\/\/kikikleindesign.de\/?page_id=140","title":{"rendered":"kikikleindesign"},"content":{"rendered":"\n<h2 class=\"wp-block-heading\">Deine Marke, perfekt inszeniert.<\/h2>\n\n\n\n<p>Herzlich willkommen! Du suchst nach mehr als nur Marketing &#8211; du suchst nach dem Aha-Effekt, der deine Marke in den K\u00f6pfen deiner Kunden verankert. Genau hier setzt kikikleindesign an.<\/p>\n\n\n\n<p>Ich stehe dir als Partnerin f\u00fcr alle Fragen rund um Marketing und visuelle Identit\u00e4t zur Seite. Egal, ob du ein neues Unternehmen gr\u00fcndest oder deiner bestehenden Marke ein \u00fcberzeugendes Update geben m\u00f6chtest &#8211; das richtige Marketing ist der Schl\u00fcssel zu deinem Erfolg.<\/p>\n\n\n\n<figure class=\"wp-block-image size-large\"><a href=\"http:\/\/kikikleindesign.de\/wp-content\/uploads\/2025\/10\/marketing-ideen-teilen-forschungsplanungskonzept-scaled.jpg\"><img loading=\"lazy\" decoding=\"async\" width=\"1024\" height=\"1024\" src=\"http:\/\/kikikleindesign.de\/wp-content\/uploads\/2025\/10\/marketing-ideen-teilen-forschungsplanungskonzept-1024x1024.jpg\" alt=\"\" class=\"wp-image-220\" srcset=\"http:\/\/kikikleindesign.de\/wp-content\/uploads\/2025\/10\/marketing-ideen-teilen-forschungsplanungskonzept-1024x1024.jpg 1024w, http:\/\/kikikleindesign.de\/wp-content\/uploads\/2025\/10\/marketing-ideen-teilen-forschungsplanungskonzept-300x300.jpg 300w, http:\/\/kikikleindesign.de\/wp-content\/uploads\/2025\/10\/marketing-ideen-teilen-forschungsplanungskonzept-150x150.jpg 150w, http:\/\/kikikleindesign.de\/wp-content\/uploads\/2025\/10\/marketing-ideen-teilen-forschungsplanungskonzept-768x768.jpg 768w, http:\/\/kikikleindesign.de\/wp-content\/uploads\/2025\/10\/marketing-ideen-teilen-forschungsplanungskonzept-1536x1536.jpg 1536w, http:\/\/kikikleindesign.de\/wp-content\/uploads\/2025\/10\/marketing-ideen-teilen-forschungsplanungskonzept-2048x2048.jpg 2048w\" sizes=\"auto, (max-width: 1024px) 100vw, 1024px\" \/><\/a><\/figure>\n\n\n\n<p><\/p>\n\n\n\n<p><\/p>\n\n\n\n<p><strong>Meine Bausteine f\u00fcr deinen starken Auftritt:<\/strong><\/p>\n\n\n\n<ul class=\"wp-block-list\">\n<li><strong>Fundament der Marke (Corporate Identity): <\/strong>Ich schaffe das Fundament f\u00fcr dich. Dazu geh\u00f6rt die Gestaltung deiner Corporate Identity &#8211; von der Logoerstellung bis zur \u00dcberarbeitung. Das ist das essentielle Ger\u00fcst f\u00fcr deine gesamte Kommunikation.\n<ul class=\"wp-block-list\">\n<li>   <\/li>\n<\/ul>\n<\/li>\n\n\n\n<li><strong>Gestaltung und Werbemittel: <\/strong>Wir machen dich greifbar. Ob du \u00fcberzeugende Pr\u00e4sentationen f\u00fcr Messen, hochwertige Werbemittel (Kulis, Bl\u00f6cke, Roll-Ups, etc.) oder einfach alle notwendigen Materialien ben\u00f6tigst &#8211; ich sorge f\u00fcr ein perfektes Design.\n<ul class=\"wp-block-list\">\n<li>   <\/li>\n<\/ul>\n<\/li>\n\n\n\n<li><strong>Digitale Pr\u00e4senz und Content:<\/strong> Ich bringe die online zum Leuchten. Dazu geh\u00f6ren die Betreuung und Gestaltung deiner Internetpr\u00e4senz, das Foto- und Bildbearbeitungsmanagement sowie das Strategische Social Media Marketing (Redaktionspl\u00e4ne, Posts, Texte). Ich sorge daf\u00fcr, dass dein Content Wirkung zeigt &#8211; geplant, recherchiert und auf den Punkt.<\/li>\n<\/ul>\n\n\n\n<figure class=\"wp-block-image size-large\"><a href=\"http:\/\/kikikleindesign.de\/wp-content\/uploads\/2025\/10\/werbemittel2.jpg\"><img loading=\"lazy\" decoding=\"async\" width=\"1024\" height=\"614\" src=\"http:\/\/kikikleindesign.de\/wp-content\/uploads\/2025\/10\/werbemittel2-1024x614.jpg\" alt=\"\" class=\"wp-image-219\" srcset=\"http:\/\/kikikleindesign.de\/wp-content\/uploads\/2025\/10\/werbemittel2-1024x614.jpg 1024w, http:\/\/kikikleindesign.de\/wp-content\/uploads\/2025\/10\/werbemittel2-300x180.jpg 300w, http:\/\/kikikleindesign.de\/wp-content\/uploads\/2025\/10\/werbemittel2-768x461.jpg 768w, http:\/\/kikikleindesign.de\/wp-content\/uploads\/2025\/10\/werbemittel2-1536x922.jpg 1536w\" sizes=\"auto, (max-width: 1024px) 100vw, 1024px\" \/><\/a><\/figure>\n\n\n\n<p><strong>Dein n\u00e4chster Schritt:<\/strong><\/p>\n\n\n\n<p>H\u00f6r auf, dich mit einzelnen Puzzleteilen zu besch\u00e4ftigen. Konzentriere dich auf dein Kerngesch\u00e4ft und \u00fcberlass mir die Inszenierung deiner Marke.<\/p>\n\n\n\n<p>Melde dich bei mir, ich h\u00f6re dir zu und wir finden eine ma\u00dfgeschneiderte L\u00f6sung f\u00fcr jede deiner Herausforderungen.<\/p>\n\n\n\n<div class=\"wp-block-cover\" style=\"min-height:306px;aspect-ratio:unset;\"><img loading=\"lazy\" decoding=\"async\" width=\"1024\" height=\"1024\" class=\"wp-block-cover__image-background wp-image-223\" alt=\"\" src=\"http:\/\/kikikleindesign.de\/wp-content\/uploads\/2025\/10\/massgeschneidert-1024x1024.jpg\" data-object-fit=\"cover\" srcset=\"http:\/\/kikikleindesign.de\/wp-content\/uploads\/2025\/10\/massgeschneidert-1024x1024.jpg 1024w, http:\/\/kikikleindesign.de\/wp-content\/uploads\/2025\/10\/massgeschneidert-300x300.jpg 300w, http:\/\/kikikleindesign.de\/wp-content\/uploads\/2025\/10\/massgeschneidert-150x150.jpg 150w, http:\/\/kikikleindesign.de\/wp-content\/uploads\/2025\/10\/massgeschneidert-768x768.jpg 768w, http:\/\/kikikleindesign.de\/wp-content\/uploads\/2025\/10\/massgeschneidert.jpg 1200w\" sizes=\"auto, (max-width: 1024px) 100vw, 1024px\" \/><span aria-hidden=\"true\" class=\"wp-block-cover__background has-background-dim\"><\/span><div class=\"wp-block-cover__inner-container is-layout-flow wp-block-cover-is-layout-flow\">\n<p class=\"has-text-align-center has-large-font-size\"><\/p>\n<\/div><\/div>\n\n\n\n<p><\/p>\n","protected":false},"excerpt":{"rendered":"<p>Deine Marke, perfekt inszeniert. Herzlich willkommen! Du suchst nach mehr als nur Marketing &#8211; du suchst nach dem Aha-Effekt, der deine Marke in den K\u00f6pfen deiner Kunden verankert. Genau hier setzt kikikleindesign an. Ich stehe dir als Partnerin f\u00fcr alle &hellip; <\/p>\n<div class=\"read-more\"><a href=\"http:\/\/kikikleindesign.de\/?page_id=140\" class=\"more-link\">Read More<\/a><\/div>\n","protected":false},"author":1,"featured_media":0,"parent":0,"menu_order":2,"comment_status":"closed","ping_status":"closed","template":"","meta":{"footnotes":""},"class_list":["post-140","page","type-page","status-publish","hentry","entry"],"_links":{"self":[{"href":"http:\/\/kikikleindesign.de\/index.php?rest_route=\/wp\/v2\/pages\/140","targetHints":{"allow":["GET"]}}],"collection":[{"href":"http:\/\/kikikleindesign.de\/index.php?rest_route=\/wp\/v2\/pages"}],"about":[{"href":"http:\/\/kikikleindesign.de\/index.php?rest_route=\/wp\/v2\/types\/page"}],"author":[{"embeddable":true,"href":"http:\/\/kikikleindesign.de\/index.php?rest_route=\/wp\/v2\/users\/1"}],"replies":[{"embeddable":true,"href":"http:\/\/kikikleindesign.de\/index.php?rest_route=%2Fwp%2Fv2%2Fcomments&post=140"}],"version-history":[{"count":11,"href":"http:\/\/kikikleindesign.de\/index.php?rest_route=\/wp\/v2\/pages\/140\/revisions"}],"predecessor-version":[{"id":239,"href":"http:\/\/kikikleindesign.de\/index.php?rest_route=\/wp\/v2\/pages\/140\/revisions\/239"}],"wp:attachment":[{"href":"http:\/\/kikikleindesign.de\/index.php?rest_route=%2Fwp%2Fv2%2Fmedia&parent=140"}],"curies":[{"name":"wp","href":"https:\/\/api.w.org\/{rel}","templated":true}]}}