{"id":142,"date":"2016-08-27T22:15:57","date_gmt":"2016-08-27T22:15:57","guid":{"rendered":"http:\/\/kikikleindesign.de\/?page_id=142"},"modified":"2025-10-18T15:23:05","modified_gmt":"2025-10-18T15:23:05","slug":"artisette","status":"publish","type":"page","link":"http:\/\/kikikleindesign.de\/?page_id=142","title":{"rendered":"Artisette"},"content":{"rendered":"\n<h2 class=\"wp-block-heading\">Kunst mieten. Atmosph\u00e4re schaffen.<\/h2>\n\n\n\n<p>Willkommen bei Artisette &#8211; deinem Partner f\u00fcr inspirierende R\u00e4ume, die bewegen.<\/p>\n\n\n\n<p>Du wei\u00dft, wie wichtig die Atmosph\u00e4re in deinem R\u00e4umen ist. Gerade in Praxen (von Arzt bis Psychologe, Zahnarzt bis Ergo) oder im B\u00fcro sind die ersten Sekunden entscheidend: Sie bestimmen, ob sich deine Besucher wohlf\u00fchlen, ob sie entspannen oder ob sie inspiriert werden.<\/p>\n\n\n\n<p>Aber wer sagt, dass man sich f\u00fcr ein Kunstwerk ein Leben lang festlegen muss?<\/p>\n\n\n\n<p>Dein Raum, immer wieder neu belebt.<\/p>\n\n\n\n<p>Artisette bietet dir die flexible L\u00f6sung: Miete Originalkunstwerke von neuen noch und unbekannten K\u00fcnstlern. So unterst\u00fctz du aufstrebende Talente und sorgst gleichzeitig daf\u00fcr, dass deine R\u00e4ume lebendig werden.<\/p>\n\n\n\n<p>Wir sind ideal f\u00fcr alle, die:<\/p>\n\n\n\n<ul class=\"wp-block-list\">\n<li>Eine wechselnde Inspiration suchen, ohne sich langfristig zu binden.<\/li>\n\n\n\n<li>Kosten kontrollieren m\u00f6chten (Mieten ist steuerlich oft absetzbar).<\/li>\n\n\n\n<li>Neugier und Gespr\u00e4chsstoff in ihren Wartebereichen und B\u00fcros schaffen wollen.<\/li>\n\n\n\n<li>Jungen K\u00fcnstlern eine B\u00fchne geben m\u00f6chten.<\/li>\n<\/ul>\n\n\n\n<p>Das Artisette-Prinzip: Einfachheit und Wirkung<\/p>\n\n\n\n<p>Wir nehmen dir die Komplexit\u00e4t ab und liefern dir in wenigen Schritten den Wow-Faktor:<\/p>\n\n\n\n<ol class=\"wp-block-list\">\n<li>Beratung: Wir besprechen Stil, Gr\u00f6\u00dfe und deine Zielgruppe. Was soll dein Raum ausstrahlen?<\/li>\n\n\n\n<li>Auswahl: Du w\u00e4hlst aus einem kuratierten Portfolio einzigartiger Werke.<\/li>\n\n\n\n<li>Flexibler Wechsel: Tausche die Kunstwerke in regelm\u00e4\u00dfigen Abst\u00e4nden aus. So bleibt deine Atmosph\u00e4re frisch, dein Team motiviert und deine Besucher positiv \u00fcberrascht.<\/li>\n<\/ol>\n\n\n\n<p>Verabschiede dich von leblosen W\u00e4nden. Schaffe R\u00e4ume, die im Ged\u00e4chtnis bleiben und deine Professionalit\u00e4t unterstreichen.<\/p>\n\n\n\n<p>Bereit f\u00fcr eine Kunst-Revolution in deinen R\u00e4umen? Kontaktiere mich f\u00fcr deine individuelle Beratung!<\/p>\n\n\n\n<ul class=\"wp-block-list\"><\/ul>\n\n\n\n<figure class=\"wp-block-image size-large\"><img loading=\"lazy\" decoding=\"async\" width=\"750\" height=\"422\" src=\"https:\/\/kikikleindesign.de\/wp-content\/uploads\/2025\/10\/04CEB1A1-B8B6-4B65-A4F1-0E8EF9E63A13-edited.jpeg\" alt=\"\" class=\"wp-image-256\" srcset=\"http:\/\/kikikleindesign.de\/wp-content\/uploads\/2025\/10\/04CEB1A1-B8B6-4B65-A4F1-0E8EF9E63A13-edited.jpeg 750w, http:\/\/kikikleindesign.de\/wp-content\/uploads\/2025\/10\/04CEB1A1-B8B6-4B65-A4F1-0E8EF9E63A13-edited-300x169.jpeg 300w\" sizes=\"auto, (max-width: 750px) 100vw, 750px\" \/><\/figure>\n","protected":false},"excerpt":{"rendered":"<p>Kunst mieten. Atmosph\u00e4re schaffen. Willkommen bei Artisette &#8211; deinem Partner f\u00fcr inspirierende R\u00e4ume, die bewegen. Du wei\u00dft, wie wichtig die Atmosph\u00e4re in deinem R\u00e4umen ist. Gerade in Praxen (von Arzt bis Psychologe, Zahnarzt bis Ergo) oder im B\u00fcro sind die &hellip; <\/p>\n<div class=\"read-more\"><a href=\"http:\/\/kikikleindesign.de\/?page_id=142\" class=\"more-link\">Read More<\/a><\/div>\n","protected":false},"author":1,"featured_media":0,"parent":0,"menu_order":4,"comment_status":"closed","ping_status":"closed","template":"","meta":{"footnotes":""},"class_list":["post-142","page","type-page","status-publish","hentry","entry"],"_links":{"self":[{"href":"http:\/\/kikikleindesign.de\/index.php?rest_route=\/wp\/v2\/pages\/142","targetHints":{"allow":["GET"]}}],"collection":[{"href":"http:\/\/kikikleindesign.de\/index.php?rest_route=\/wp\/v2\/pages"}],"about":[{"href":"http:\/\/kikikleindesign.de\/index.php?rest_route=\/wp\/v2\/types\/page"}],"author":[{"embeddable":true,"href":"http:\/\/kikikleindesign.de\/index.php?rest_route=\/wp\/v2\/users\/1"}],"replies":[{"embeddable":true,"href":"http:\/\/kikikleindesign.de\/index.php?rest_route=%2Fwp%2Fv2%2Fcomments&post=142"}],"version-history":[{"count":6,"href":"http:\/\/kikikleindesign.de\/index.php?rest_route=\/wp\/v2\/pages\/142\/revisions"}],"predecessor-version":[{"id":257,"href":"http:\/\/kikikleindesign.de\/index.php?rest_route=\/wp\/v2\/pages\/142\/revisions\/257"}],"wp:attachment":[{"href":"http:\/\/kikikleindesign.de\/index.php?rest_route=%2Fwp%2Fv2%2Fmedia&parent=142"}],"curies":[{"name":"wp","href":"https:\/\/api.w.org\/{rel}","templated":true}]}}